nder when g is divided by (10/(-15))/(1/f) + 17.
18
Suppose 592 = 25*y - 29*y. What is the remainder when y/(-20) - 6/(-10) is divided by 7?
1
Let y(z) = -z - 1. Let v(f) = 22*f. Let g(u) = -2*v(u) + 2*y(u). Suppose i - 4 = 0, i + 4 - 6 = -n. Calculate the remainder when g(n) is divided by 23.
21
Let r(v) = -v**2 - 43*v - 137. Calculate the remainder when r(-29) is divided by 8.
5
Suppose 2*x - 91 = 5*n, -4*x = x - 4*n - 253. Calculate the remainder when x is divided by 18.
17
Let u = 120 - 108. Suppose 2*q - 36 - 12 = -2*p, 5*p = -4*q + 119. Calculate the remainder when p is divided by u.
11
Let z(m) = -2*m + 1. Let f = 0 - -3. Suppose 0 = 3*h + y - 17, f*y = 4 - 7. What is the remainder when z(-5) is divided by h?
5
Suppose 2*n + 0*n = 8. Calculate the remainder when 27 is divided by (-3)/(n - 9/2).
3
Suppose 0 = 20*l - 18*l - 322. What is the remainder when l is divided by 42?
35
What is the remainder when 3 + -5 + 24 + -1 is divided by (-32 + 35)*-4*(-2)/3?
5
Let i = -39 + 30. Let c(g) = g**2 + g - 6. Calculate the remainder when c(i) is divided by 23.
20
Let v(c) = -111*c**2 + 1. Let o be v(-1). Suppose 2*z + n + 3*n = 372, -n - 780 = -4*z. Let f = o + z. Calculate the remainder when f is divided by 29.
26
Let v = 209 + -186. What is the remainder when v is divided by 9?
5
Let x be 19/5 + 32/(-40). Suppose 2*y = -y + 141. What is the remainder when y is divided by 13 + x + 1 + -1?
15
Let y = 73 + -66. Calculate the remainder when 209 is divided by y.
6
Suppose -8*k + 388 = -36. Calculate the remainder when 102 is divided by k.
49
Suppose 3*q = q + 34. Suppose -42*n - 17 + 66 = -41*n. What is the remainder when n is divided by q?
15
Suppose 0 = -43*j + 47*j - 220. Calculate the remainder when j is divided by 23.
9
Let g be 0/(-5)*(-2)/4. Suppose -3*b = -4*r + 269, 0 = -2*r - g*b - 4*b + 140. Calculate the remainder when r is divided by (4/12)/((-2)/(-138)).
22
Let t(w) = -92*w - 287. Calculate the remainder when 176 is divided by t(-4).
14
Let b(f) = -311*f + 48. What is the remainder when b(-1) is divided by 19?
17
Let b(i) = -i**2 - 10*i + 27. Suppose 0 = -4*j + s + 35, 3*s + 25 = -2*j + 6*j. What is the remainder when j is divided by b(-12)?
1
Suppose -4*d + 6*d = -5*o - 23, 4*d = -o - 1. What is the remainder when 5*d*(-186)/(-6) is divided by 40?
35
Suppose -c - 2*b + 82 = 0, 0 = -4*c + b + 27 + 256. Suppose 3*v = 6*v - 75. What is the remainder when c is divided by v?
22
Let j(p) = p + 4. Suppose -5*k + 3 = 3*b, -5*k + 3*b + 17 = -10. What is the remainder when j(12) is divided by (-2 - (k + -14)) + -3?
4
Suppose 54*f = 49*f + 270. What is the remainder when 203 is divided by f?
41
Let x(y) = -13*y + 242. Calculate the remainder when x(11) is divided by 27.
18
Let b(w) = 28*w**2 + 2*w. Calculate the remainder when b(3) is divided by 130.
128
Let c(o) = 21*o + 47. Calculate the remainder when 38 is divided by c(-2).
3
Let z = -22 - -44. Suppose 5 = 5*y, -y - z - 5 = -2*h. Let d = -365 - -434. What is the remainder when d is divided by h?
13
Suppose -32 = -12*i + 4*i. What is the remainder when 10 is divided by i?
2
Let b(u) = u**3 - 9*u**2 - 5. Calculate the remainder when b(10) is divided by 25.
20
Let v(w) = -w - 2. Let k be v(-4). Let t(z) = -2 + 29 - k - z - 15. Calculate the remainder when 10 is divided by t(7).
1
Suppose -74 = -2*g - 5*f - 23, 4*g + 3*f - 123 = 0. What is the remainder when 195 is divided by g?
30
Suppose -u - 56 = -2*i, i - 2*i + 4*u = -42. Let d = 41 - i. Suppose -n = 4*g - 296, n - 150 = -0*g - 2*g. Calculate the remainder when g is divided by d.
13
Let q(h) = 22 + h - 14 + 4*h**2 - 10. Calculate the remainder when (-368)/(-6) - (-4)/(-12) is divided by q(2).
13
Suppose -f = 3*v, 3*f + 5 = v - 5. Let x be ((-2)/v - -9)/1. Suppose -3*z - 24 = -x*z. Calculate the remainder when 17 is divided by z.
5
Suppose 0*w + j = 2*w - 4, -16 = -3*w + 4*j. Suppose -2*z + 22 = -w*z. Calculate the remainder when 21 is divided by z.
10
Let s(w) = -5*w - 2 + 2 + 3*w**2 - 2. Suppose -8 = -2*x, -2*x = -5*f - x - 24. What is the remainder when s(f) is divided by 18?
12
Let t(y) = -21*y + 11. Let c be t(-5). Let x = -88 + c. What is the remainder when x is divided by 16?
12
Suppose 2*d - 17 = 2*x - 61, -88 = -4*x - 3*d. Calculate the remainder when 87 is divided by x.
21
What is the remainder when 218/(-109) + (61 - (0 - 0)) is divided by 38?
21
Let q = -294 + 311. Suppose 2*k - 5*t = -3*k + 60, 38 = 3*k - 5*t. What is the remainder when q is divided by k?
6
Suppose 2*i = 5*x + 69, -4*x - 95 = -3*i + 26. Calculate the remainder when 326 is divided by i.
44
Let m(u) = -u**3 - 5*u**2 - 2*u + 12. Let t be m(-5). Suppose 5*c + t + 3 = 5*a, 2*a = -3*c. Calculate the remainder when 7 is divided by a.
1
Let o(c) be the first derivative of 3*c**2/2 - 2*c - 5. Calculate the remainder when 38 is divided by o(5).
12
Let y(j) = j**3 + 5*j**2 + j - 3. Let p be (10/4 - 3)*6. Let u be y(p). Let a = u - 10. Calculate the remainder when 8 is divided by a.
0
Let p(r) = 2*r + 22. Suppose -3*s + 2 = 14, 5*s = -4*d - 52. Calculate the remainder when 29 is divided by p(d).
5
Let s(n) = 4*n + 4. Let i = -1 - -1. Suppose i*b + 28 = 4*b. What is the remainder when s(b) is divided by 11?
10
Suppose 0 = -4*r + 3 + 5, 5*a - 452 = -r. Calculate the remainder when a is divided by 7.
6
Suppose 0 = -3*n - 98 - 13. Let f = n + 48. Calculate the remainder when f is divided by 7.
4
Let t = 105 - 68. Calculate the remainder when t is divided by 10.
7
Let q(g) = 48*g + 10. Let m = -100 + 102. What is the remainder when q(m) is divided by 28?
22
Suppose -b - 11 = -2*b. Suppose -4*j - 387 = -13*j. Calculate the remainder when j is divided by b.
10
Suppose 4*h - 4*w - 58 = 2*h, -2*h + 5*w = -56. Let n = h + -11. Let c = 77 + -12. What is the remainder when c is divided by n?
21
Let t(r) = 63*r**2 + 4*r - 3. Suppose -3*n + i = 2, -2*n + i = 3 - 0. Suppose 5*s = -0*s + 110. What is the remainder when t(n) is divided by s?
20
Suppose 5*p = 150 - 40. Let a(z) = -z - 6. Let o be a(-10). Suppose -o*i + 4*x = -3*i - 63, -5*i + 315 = 4*x. What is the remainder when i is divided by p?
19
Suppose 5*w - 293 = s - 4, -5 = -5*s. Calculate the remainder when 85 is divided by w.
27
Suppose -2*z - 75 = -3*k - 5*z, 0 = 4*k - z - 95. Let h(b) = -4*b + 4*b**2 + 2*b**2 + b. What is the remainder when h(3) is divided by k?
21
Suppose -2*x = 5*q - 290, 0*q = 5*q + 10. What is the remainder when x is divided by 4?
2
Let a = 991 - 410. What is the remainder when a is divided by 45?
41
Let n(j) = -2*j**2 + 10*j + 55. What is the remainder when 325 is divided by n(8)?
3
Let l(u) = 6*u**2 - 22*u - 72. Calculate the remainder when l(-3) is divided by (1/(-2))/((-2)/68).
14
Suppose 0*s - 2*s + 26 = 0. Let m = -7 + s. Let u(y) = -y**3 + 4*y**2 + 6*y + 11. What is the remainder when u(5) is divided by m?
4
Calculate the remainder when 52 is divided by 117/6 - 15/10.
16
Suppose 32*y + 1770 = 150*y. Let o be (2 - (3 + -2))*-8. Calculate the remainder when y is divided by (-2)/4*0 - o.
7
Let v = 58 + -5. Calculate the remainder when v is divided by 38.
15
Suppose 7*q - 252 = -5*b + 3*q, -2*q = 4. Calculate the remainder when 188 is divided by b.
32
Suppose -211*x = -214*x + 57. Let g(u) = u**3 + u**2 - u + 75. Calculate the remainder when g(0) is divided by x.
18
Suppose d - 5 = -5*f + 236, 3*f + 2*d - 146 = 0. What is the remainder when f is divided by 21?
6
Suppose 3*f - 7 = -2*b, 3*b - 2*f + 9 = -13. Let z(x) = -x**3 - 4*x**2 - 6*x - 3. What is the remainder when z(b) is divided by 7?
0
Let a = -151 + 274. Suppose -3*p + a = 3*v, -3*p = -5*v - 0*p + 237. Calculate the remainder when 134 is divided by v.
44
What is the remainder when 35 is divided by -1 - -6*20/6?
16
Suppose -n + 6*n = 395. Suppose -4*o = -89 - n. Calculate the remainder when o is divided by 11.
9
What is the remainder when -2*(-3)/(-3) + (799 - 7) is divided by 18?
16
Let k be (-172)/(-14) + 8/(-28). Let h be ((-33)/6)/((-2)/(-4)). Let x = h + k. Calculate the remainder when x is divided by 1.
0
Suppose -a - 4 = 2*v + a, 0 = 5*a + 20. Suppose -4*x + v*x = -82. Let h = x + -26. Calculate the remainder when 58 is divided by h.
13
Suppose -14*l + 4446 = 24*l. What is the remainder when l is divided by 31?
24
Let a(p) = 13*p**3 - 3*p